**3 - 19*j**2 - 93*j - 30. Let g be m(-13). Calculate the highest common divisor of g and 105.
15
Suppose -3*s = -3*l, 0 = -5*s + l + 3*l + 4. Let j(q) = -q + 8. Let h be j(s). Suppose -31 - 33 = -h*t. What is the highest common factor of t and 64?
16
Suppose 0 = -2*z - 2*m + 26, -4*z - m = -33 - 7. Let s(w) = w**3 - 7*w**2 - 15*w + 15. Let o be s(z). What is the greatest common divisor of o and 105?
21
Suppose 10 + 2 = 4*f. Let u = 436 - 131. Suppose z = 2*z + f, z - u = -4*i. Calculate the highest common divisor of 11 and i.
11
Let x = -15 - -13. Let n be (12/(-8) + 3)*x. Let h be 1*(11 - n/3). What is the highest common divisor of h and 108?
12
Let u(p) = 16*p**2 - 110*p - 4. Let o be u(7). Let i be (14/6 + -2)*3. What is the highest common divisor of i and o?
1
Suppose -7*x = -5*x + 3*s + 1, -5*s = -x + 32. Let r(m) = -m + 63. Let b be r(0). Calculate the greatest common factor of x and b.
7
Let n = 839 - 724. Calculate the greatest common divisor of n and 46.
23
Let f(m) = -2*m**3 - 17*m**2 - 10*m - 1. Let y be f(-8). Suppose -40 = 5*k - y, -3*j + 3*k + 81 = 0. Calculate the highest common factor of 11 and j.
11
Let m(n) = -n**2 + 26*n + 183. Let h be m(21). What is the highest common divisor of 32 and h?
32
Let t be ((-16)/(-2) - 16) + 426. Calculate the highest common divisor of 66 and t.
22
Suppose 0 = 2*h - 4*o - 40, -4*h + 2*o = h - 132. Suppose 115 = 12*w - 2909. Calculate the highest common factor of h and w.
28
Let q be 2576/68 - ((-150)/(-170) - 1). Calculate the highest common factor of 95 and q.
19
Let x(u) = -5*u + 0 + 8*u**2 - 2 + 11*u - u**3 - 2. Let v be x(8). What is the greatest common factor of v and 11?
11
Let k(f) = f**2 + 17*f + 15. Let d(p) = -p**2 - 28*p + 8. Let m be d(-29). Let u be k(m). What is the highest common divisor of u and 9?
9
Let d = -11 - -12. Let l(b) be the second derivative of 7*b**5/20 - b**4/12 + b**3/6 - 8*b. Let i be l(d). What is the highest common factor of 63 and i?
7
Let q be (-6)/21 + 405/21. Suppose 47*a - 18*a = 1102. Calculate the greatest common divisor of q and a.
19
Suppose 2*k - k = 2*z - 8, -k = -5*z + 23. Suppose j + 4*n + 2 = 0, -4*j + z*n + 97 = -0*n. What is the greatest common factor of j and 27?
9
Let m(c) = -21*c + 7. Let y(h) = 105*h - 36. Let b(z) = 11*m(z) + 2*y(z). Let k be b(-1). What is the highest common factor of 13 and k?
13
Suppose -4*s + 516 = 5*g, -g - 4*g + s + 496 = 0. Let b = -93 + g. Calculate the highest common divisor of 14 and b.
7
Suppose -44 + 54 = 2*j. Suppose -j*l + 308 = 6*l. Calculate the greatest common factor of 224 and l.
28
Let f(z) = z**2 + 3. Let s be f(-3). Let w(d) = -4*d**2 - 80*d - 180. Let l be w(-17). Calculate the greatest common factor of l and s.
12
Suppose 4*k + 2*p = 8, 5*p - 13 = -2*k - k. Suppose r = 4 - 1. Let b = r - k. Calculate the greatest common divisor of b and 3.
1
Let n = -13 - -91. Calculate the greatest common factor of n and 6.
6
Let j = -121 + 202. Let q = 117 - j. Let u = q - 34. What is the highest common divisor of 14 and u?
2
Let r(n) = -n**3 - 11*n**2 + 12*n + 7. Let v be r(-12). Calculate the highest common factor of v and 77.
7
Let p = -13 + 17. Let m(c) = -1 - 3 - p + 11*c. Let o be m(4). Calculate the greatest common divisor of 12 and o.
12
Let k = -11 - -16. Let o be k/(-2)*84/(-15). What is the greatest common divisor of o and 112?
14
Suppose 0 = -2*v - 4*s + 220, 5*s + 213 = 5*v - 322. What is the greatest common divisor of v and 27?
27
Let s = 460 - 447. What is the highest common factor of 1040 and s?
13
Let q(o) = 16*o. Let x be q(1). Suppose 14*s + x = 15*s. Calculate the highest common divisor of 4 and s.
4
Suppose 2*n - 2 = -0, -5*q + 279 = 4*n. What is the greatest common divisor of 440 and q?
55
Suppose 2*v + 5*g = 220, -v + 110 = -5*g + 4*g. What is the greatest common divisor of v and 22?
22
Let l = 150 + -110. What is the highest common divisor of 440 and l?
40
Suppose -2*z = -0*z - 8. Let d = -109 - -134. Suppose -z*h = -d - 87. Calculate the greatest common factor of 14 and h.
14
Suppose z = 3*r + 70, r = -4*z + 251 - 36. Calculate the greatest common factor of z and 10.
5
Let g be 4/(8/(-3))*-4. Let d be (g/(-2))/(30/(-640)). Calculate the highest common factor of d and 16.
16
Let u(j) = 171*j - 108. Let g be u(1). Calculate the highest common divisor of g and 15.
3
Suppose 227 - 31 = 14*t. What is the highest common divisor of 448 and t?
14
Let r be 39*(-1)/(-3)*2. Let f = -918 - -1575. Let x = f + -449. Calculate the highest common divisor of x and r.
26
Suppose 4*q = q - 2*k + 18, k - 6 = -q. What is the greatest common divisor of 36 and q?
6
Let p = 1361 - 1304. What is the highest common divisor of 304 and p?
19
Let t = -17 + 22. Suppose 0 = -t*u - u + 12. Suppose -5*y + 59 + 11 = 0. Calculate the greatest common factor of u and y.
2
Suppose -42 = -3*r - 33. Suppose -3*m + 3*q = 7*q, -5*q = r*m + 3. What is the greatest common divisor of m and 8?
4
Let j(q) = q**2 - 11*q + 14. Let u be j(11). Let a = 26 - u. Suppose 0 = n + 3*n - a. Calculate the greatest common factor of 12 and n.
3
Let v be (-5)/2*(-10)/5. Suppose -j + 5*j - 96 = 0. Let u = j - 22. Calculate the highest common factor of u and v.
1
Let v = -138 - -271. Let p(a) = -a + 51. Let r be p(0). Suppose -6 - r = -3*u. What is the greatest common divisor of u and v?
19
Suppose 87 = 3*z + 4*n, -4*z - 2*n + 29 = -77. What is the highest common factor of 150 and z?
25
Let u be (0 - -15) + 0 - 1. Let g(i) = -323*i + 2977. Let j be g(9). Calculate the highest common divisor of j and u.
14
Let f(s) = 3*s**2 + 43*s - 285. Let g be f(9). Calculate the greatest common factor of 414 and g.
69
Let k(s) = -2*s**2 + 43*s - 55. Let n be k(17). Calculate the greatest common factor of n and 56.
14
Suppose 237 = -11*y + 39. Let c(s) = -3*s + 2*s - 27 - 6*s. Let g be c(y). Calculate the greatest common divisor of g and 9.
9
Suppose -16 = -2*v - 4*a, -2*a - 23 = -4*v - 7*a. Suppose -v*x + 8*x - 420 = 0. What is the greatest common divisor of 10 and x?
10
Let a(l) = 2*l**2 + 6*l - 3. Let o be a(-8). Let y be (-3 - 30) + (-2 - -5). Let q = -23 - y. Calculate the greatest common factor of q and o.
7
Let z = 752 + -378. Calculate the highest common factor of z and 102.
34
Let r be (-6)/4 - -10*(-5)/(-20). Let p be 0 + (-1)/r + 24. What is the greatest common factor of p and 207?
23
Let s = -20 - 1. Let f be s/(-7) - (0 - 0). Suppose -c = f*c - 4*w - 524, -4*c + 5*w = -529. What is the greatest common divisor of 18 and c?
18
Let v be 6/(-36)*(-24)/2. Calculate the highest common divisor of v and 54.
2
Let y(o) = -22*o - 19. Let a be y(-1). Calculate the greatest common divisor of a and 3.
3
Suppose -4*b + 26 = -6. Let d(n) = n**3 + 43*n**2 - 44*n + 1. Let u be d(-44). What is the greatest common factor of b and u?
1
Let w(b) = -2*b**2 + 45*b - 33. Let x be w(21). What is the highest common factor of x and 170?
10
Let m(g) be the first derivative of -g**2 + 4*g + 5. Let o be m(1). What is the highest common factor of o and 14?
2
Let h be (-14)/21 - (-330)/9. Let b = 10 - -8. What is the highest common divisor of b and h?
18
Let b(j) = -j + 3. Let r be b(7). Let t = r - -6. Suppose 0 = 17*v - 5*v - 120. What is the greatest common divisor of v and t?
2
Suppose 440 = 70*y - 48*y. Calculate the greatest common divisor of y and 50.
10
Let b be ((-300)/(-36))/(5/165). Calculate the highest common factor of b and 22.
11
Let x = 19 + -15. Let d(f) = 2*f**2 - 4*f + 12. Let i be d(x). Calculate the greatest common divisor of 196 and i.
28
Let m(y) = 4*y**2 - 13*y + 12. Let t be m(5). Calculate the highest common factor of 188 and t.
47
Suppose k - 4*c = -8, 6 + 8 = 2*k + 2*c. Suppose 3*n - 169 = k*j, j - 235 - 62 = -5*n. What is the greatest common factor of n and 354?
59
Let r(j) = -j**3 - 3*j**2 + 3*j. Let o be r(-4). Suppose -4*d = 5 + 7. Let p = o + d. What is the highest common factor of 11 and p?
1
Let j be ((-114)/(-9))/(9/945). What is the highest common factor of 70 and j?
70
Let x = -6 + 48. Calculate the highest common divisor of x and 21.
21
Suppose 205 = 5*j - 55. Calculate the highest common factor of 26 and j.
26
Let v = 101 - -32. What is the highest common factor of v and 19?
19
Suppose -q - 5*n + 146 = -n, 5*q - 2*n - 620 = 0. Suppose 4*b - 1